{"id":1050,"date":"2015-12-08T11:15:33","date_gmt":"2015-12-08T10:15:33","guid":{"rendered":"http:\/\/emafructidor.com\/ema\/?page_id=1050"},"modified":"2026-03-02T13:09:16","modified_gmt":"2026-03-02T12:09:16","slug":"equipe","status":"publish","type":"page","link":"http:\/\/emafructidor.com\/ema\/ecole\/equipe\/","title":{"rendered":"Equipe"},"content":{"rendered":"<p><div class=\"fusion-fullwidth fullwidth-box nonhundred-percent-fullwidth non-hundred-percent-height-scrolling\"  style='background-color: #ffffff;background-position: center center;background-repeat: no-repeat;padding-top:0px;padding-right:0px;padding-bottom:0px;padding-left:0px;'><div class=\"fusion-builder-row fusion-row \"><div  class=\"fusion-layout-column fusion_builder_column fusion_builder_column_1_4  fusion-one-fourth fusion-column-first 1_4\"  style='margin-top:0px;margin-bottom:20px;width:25%;width:calc(25% - ( ( 4% + 4% ) * 0.25 ) );margin-right: 4%;'>\n\t\t\t\t\t<div class=\"fusion-column-wrapper\" style=\"background-position:left top;background-repeat:no-repeat;-webkit-background-size:cover;-moz-background-size:cover;-o-background-size:cover;background-size:cover;\"  data-bg-url=\"\">\n\t\t\t\t\t\t<div class=\"fusion-title title sep-underline sep-solid fusion-title-center fusion-title-size-two\" style=\"border-bottom-color:#03a9f4;margin-top:0px;margin-bottom:31px;\"><h2 class=\"title-heading-center\"><p style=\"text-align: center;\">Administration<\/p><\/h2><\/div><div class=\"fusion-text\"><div class=\"fusion-text\"><\/div>\n<p style=\"text-align: center;\"><strong><span style=\"color: #000000;\">Khadija EDRAISSI<br \/>\n<\/span><\/strong><span style=\"color: #000000;\"><span style=\"color: #808080;\">Coordinatrice<br \/>\ndes dispositifs de transition<\/span><\/span><\/p>\n<p style=\"text-align: center;\"><span style=\"color: #000000;\"><strong>Christelle GIBERTINI<br \/>\n<\/strong><span style=\"color: #808080;\">Coordinatrice Praxis<br \/>\nAssistante administrative<\/span><\/span><\/p>\n<p style=\"text-align: center;\"><span style=\"color: #000000;\"><strong>Rym GOURINE<\/strong><\/span><br \/>\n<span style=\"color: #808080;\">Directrice<\/span><\/p>\n<p style=\"text-align: center;\"><strong><span style=\"color: #000000;\">Lor\u00e9na GRESSARD<br \/>\n<\/span><\/strong><span style=\"color: #000000;\"><span style=\"color: #808080;\">Coordinatrice<br \/>\nenseignement sup\u00e9rieur<\/span><\/span><\/p>\n<p style=\"text-align: center;\"><span style=\"color: #000000;\"><span style=\"color: #808080;\"><span style=\"color: #000000;\"><strong>M\u00e9riame RAHMOUNE<br \/>\n<\/strong><\/span>R\u00e9f\u00e9rente budg\u00e9taire<\/span><\/span><\/p>\n<p style=\"text-align: center;\"><span style=\"color: #000000;\"><strong>\u00c9milie VAILLEAU&nbsp;<br \/>\n<\/strong><span style=\"color: #808080;\">Documentaliste<br \/>\nResponsable de la biblioth\u00e8que<\/span><\/span><\/p>\n<\/div><div class=\"fusion-text\"><\/div><div class=\"fusion-clearfix\"><\/div>\n\n\t\t\t\t\t<\/div>\n\t\t\t\t<\/div><div  class=\"fusion-layout-column fusion_builder_column fusion_builder_column_1_2  fusion-one-half 1_2\"  style='margin-top:0px;margin-bottom:20px;width:50%;width:calc(50% - ( ( 4% + 4% ) * 0.5 ) );margin-right: 4%;'>\n\t\t\t\t\t<div class=\"fusion-column-wrapper\" style=\"background-position:left top;background-repeat:no-repeat;-webkit-background-size:cover;-moz-background-size:cover;-o-background-size:cover;background-size:cover;\"  data-bg-url=\"\">\n\t\t\t\t\t\t<div class=\"fusion-title title sep-underline sep-solid fusion-title-center fusion-title-size-two\" style=\"border-bottom-color:#03a9f4;margin-top:0px;margin-bottom:31px;\"><h2 class=\"title-heading-center\"><p style=\"text-align: center;\">\u00c9quipe p\u00e9dagogique<\/p><\/h2><\/div><div class=\"fusion-text\"><p style=\"text-align: center;\"><span style=\"color: #000000;\"><strong>Folly AFAHOUNKO<\/strong><\/span> | <span style=\"color: #808080;\">Peinture | Sculpture | Photographie<br \/>\n<\/span><span style=\"color: #000000;\"><strong>Patricia BADOT<\/strong><\/span> |<span style=\"color: #808080;\">&nbsp;Image | Typographie | Impression<br \/>\n<\/span><span style=\"color: #000000;\"><strong>Laura BEL<\/strong><\/span>&nbsp;|&nbsp;<span style=\"color: #808080;\">Modelage | C\u00e9ramique | Terre<br \/>\n<span style=\"color: #000000;\"><strong>Davide BERTOCCHI<\/strong><\/span> | <span style=\"color: #808080;\">Regard | Espace | Exp\u00e9rience<br \/>\n<\/span><span style=\"color: #000000;\"><strong>Sonia CHEVAL<\/strong><\/span> |<span style=\"color: #808080;\">&nbsp;S\u00e9miologie | Image | Textes<br \/>\n<\/span><span style=\"color: #000000;\"><strong>Nicolas EXERTIER<\/strong><\/span> | <span style=\"color: #808080;\">Histoire de l\u2019art | Ecriture | Th\u00e9orie<br \/>\n<span style=\"color: #000000;\"><strong>Caty FOURNIER <\/strong><\/span>| Fran\u00e7ais Langue Etrang\u00e8re<br \/>\n<span style=\"color: #000000;\"><strong>Alexis GUILLIER<\/strong>&nbsp;<\/span>| Image | Montage | Partage<br \/>\n<span style=\"color: #000000;\"><strong>Charlie Hamish JEFFERY<\/strong>&nbsp;<\/span>| Peinture | Performance | Processus<\/span><span style=\"color: #000000;\"><strong><br \/>\nSara LORD<\/strong><\/span> | <span style=\"color: #808080;\">Langue \u00e9trang\u00e8re Anglais<br \/>\n<\/span><span style=\"color: #000000;\"><strong>Jean-Luc LUCQUIN<\/strong><\/span> | <span style=\"color: #808080;\">Fabrication<br \/>\n<\/span><span style=\"color: #000000;\"><strong>Olivier PERRIQUET<\/strong><\/span> | <span style=\"color: #808080;\">Recherche | Art | Soci\u00e9t\u00e9<br \/>\n<\/span><span style=\"color: #000000;\"><strong>Fr\u00e9d\u00e9ric PINTUS<\/strong> <\/span>| <span style=\"color: #808080;\">Musique | Objet | Design<br \/>\n<\/span><span style=\"color: #000000;\"><strong>Arm\u00e8le PORTELLI<\/strong> <\/span>| <span style=\"color: #808080;\">Digital | Art | Cin\u00e9ma<br \/>\n<span style=\"color: #000000;\"><strong>Annelise RAGNO<\/strong>&nbsp;<\/span>| Perception | R\u00e9el | Projet<br \/>\n<\/span><span style=\"color: #000000;\"><strong>Evariste RICHER<\/strong>&nbsp;<\/span>|&nbsp;<span style=\"color: #808080;\">Regard | Espace | Mesure<br \/>\n<\/span><span style=\"color: #000000;\"><strong>Christine VADROT<\/strong><\/span> | <span style=\"color: #808080;\">Peinture | Geste | Temps<br \/>\n<\/span><span style=\"color: #000000;\"><strong>Catherine VAGEON<\/strong><\/span> | <span style=\"color: #808080;\">Dessin | Graphisme | Estampe<br \/>\n<\/span><span style=\"color: #000000;\"><strong>Bruno VOIDEY<\/strong> <\/span>| <span style=\"color: #808080;\">Typographie | Infographie | Postproduction<br \/>\n<span style=\"font-weight: 600; color: #000000;\">Victor<\/span><b><span style=\"color: #000000;\">&nbsp;XIONG<\/span><\/b> | Photographie | Postproduction<\/span><\/span><\/p>\n<\/div><div class=\"fusion-clearfix\"><\/div>\n\n\t\t\t\t\t<\/div>\n\t\t\t\t<\/div><div  class=\"fusion-layout-column fusion_builder_column fusion_builder_column_1_4  fusion-one-fourth fusion-column-last 1_4\"  style='margin-top:0px;margin-bottom:20px;width:25%;width:calc(25% - ( ( 4% + 4% ) * 0.25 ) );'>\n\t\t\t\t\t<div class=\"fusion-column-wrapper\" style=\"background-position:left top;background-repeat:no-repeat;-webkit-background-size:cover;-moz-background-size:cover;-o-background-size:cover;background-size:cover;\"  data-bg-url=\"\">\n\t\t\t\t\t\t<div class=\"fusion-title title sep-underline sep-solid fusion-title-center fusion-title-size-two\" style=\"border-bottom-color:#03a9f4;margin-top:0px;margin-bottom:31px;\"><h2 class=\"title-heading-center\"><p style=\"text-align: center;\">\u00c9quipe technique<\/p><\/h2><\/div><div class=\"fusion-text\"><p style=\"text-align: center;\"><strong><span style=\"color: #000000;\">Jesus GOMEZ<\/span><br \/>\n<\/strong><span style=\"color: #808080;\">Assistant C\u00e9ramique<\/span><\/p>\n<p style=\"text-align: center;\">&nbsp;<\/p>\n<\/div><div class=\"fusion-clearfix\"><\/div>\n\n\t\t\t\t\t<\/div>\n\t\t\t\t<\/div><\/div><div class=\"fusion-builder-row fusion-row \"><\/div><\/div><div class=\"fusion-fullwidth fullwidth-box nonhundred-percent-fullwidth non-hundred-percent-height-scrolling\"  style='background-color: #ffffff;background-position: center center;background-repeat: no-repeat;padding-top:0px;padding-right:0px;padding-bottom:0px;padding-left:0px;'><\/div><\/p>\n","protected":false},"excerpt":{"rendered":"","protected":false},"author":9,"featured_media":0,"parent":1045,"menu_order":2,"comment_status":"open","ping_status":"open","template":"100-width.php","meta":{"ngg_post_thumbnail":0},"_links":{"self":[{"href":"http:\/\/emafructidor.com\/ema\/wp-json\/wp\/v2\/pages\/1050"}],"collection":[{"href":"http:\/\/emafructidor.com\/ema\/wp-json\/wp\/v2\/pages"}],"about":[{"href":"http:\/\/emafructidor.com\/ema\/wp-json\/wp\/v2\/types\/page"}],"author":[{"embeddable":true,"href":"http:\/\/emafructidor.com\/ema\/wp-json\/wp\/v2\/users\/9"}],"replies":[{"embeddable":true,"href":"http:\/\/emafructidor.com\/ema\/wp-json\/wp\/v2\/comments?post=1050"}],"version-history":[{"count":109,"href":"http:\/\/emafructidor.com\/ema\/wp-json\/wp\/v2\/pages\/1050\/revisions"}],"predecessor-version":[{"id":11813,"href":"http:\/\/emafructidor.com\/ema\/wp-json\/wp\/v2\/pages\/1050\/revisions\/11813"}],"up":[{"embeddable":true,"href":"http:\/\/emafructidor.com\/ema\/wp-json\/wp\/v2\/pages\/1045"}],"wp:attachment":[{"href":"http:\/\/emafructidor.com\/ema\/wp-json\/wp\/v2\/media?parent=1050"}],"curies":[{"name":"wp","href":"https:\/\/api.w.org\/{rel}","templated":true}]}}