{"id":1076,"date":"2015-12-08T11:51:19","date_gmt":"2015-12-08T10:51:19","guid":{"rendered":"http:\/\/emafructidor.com\/ema\/enseignement-superieur\/vie-etudiante\/association-made\/"},"modified":"2025-10-15T11:20:33","modified_gmt":"2025-10-15T10:20:33","slug":"association-made","status":"publish","type":"page","link":"http:\/\/emafructidor.com\/ema\/espace-etudiant\/association-made\/","title":{"rendered":"Club MADE"},"content":{"rendered":"<div class=\"fusion-fullwidth fullwidth-box nonhundred-percent-fullwidth non-hundred-percent-height-scrolling\"  style='background-color: #ffffff;background-position: center center;background-repeat: no-repeat;padding-top:0px;padding-right:0px;padding-bottom:0px;padding-left:0px;'><div class=\"fusion-builder-row fusion-row \"><div  class=\"fusion-layout-column fusion_builder_column fusion_builder_column_1_1  fusion-one-full fusion-column-first fusion-column-last 1_1\"  style='margin-top:0px;margin-bottom:0px;'>\n\t\t\t\t\t<div class=\"fusion-column-wrapper\" style=\"background-position:left top;background-repeat:no-repeat;-webkit-background-size:cover;-moz-background-size:cover;-o-background-size:cover;background-size:cover;\"  data-bg-url=\"\">\n\t\t\t\t\t\t<div class=\"fusion-text\"><h2><span style=\"color: #000000;\">LE CLUB MADE<\/span><\/h2>\n<\/div><div class=\"fusion-text\"><p align=\"justify\"><span style=\"color: #000000;\">Cr\u00e9\u00e9e en septembre 2018, l\u2019association des \u00e9tudiants et des \u00e9tudiantes de l&rsquo;e|m|a <em>Club Made<\/em> participe \u00e0 :<\/span><\/p>\n<ul>\n<li><span style=\"color: #000000;\">L&rsquo;animation et la promotion de la vie \u00e9tudiante au sein de l&rsquo;e|m|a.<\/span><\/li>\n<li><span style=\"color: #000000;\">La repr\u00e9sentation des \u00e9tudiants aupr\u00e8s de l&rsquo;administration.<\/span><\/li>\n<li><span style=\"color: #000000;\">L&rsquo;organisation d\u2019\u00e9v\u00e9nements culturels intra et extra-muros.<\/span><\/li>\n<li><span style=\"color: #000000;\">L&rsquo;aide mat\u00e9rielle et immat\u00e9rielle \u00e0 ses membres par le biais de partenariats et de services.<\/span><\/li>\n<li><span style=\"color: #000000;\">L&rsquo;accueil et l&rsquo;int\u00e9gration des nouveaux \u00e9tudiants et \u00e9tudiantes.<\/span><\/li>\n<li><span style=\"color: #000000;\">La promotion de l&rsquo;e|m|a au sein de la r\u00e9gion Bourgogne-Franche-Comt\u00e9 et le d\u00e9veloppement des relations inter-sites.<\/span><\/li>\n<\/ul>\n<p>&nbsp;<\/p>\n<\/div><div class=\"fusion-clearfix\"><\/div>\n\n\t\t\t\t\t<\/div>\n\t\t\t\t<\/div><div  class=\"fusion-layout-column fusion_builder_column fusion_builder_column_1_3  fusion-one-third fusion-column-first 1_3\"  style='margin-top:0px;margin-bottom:20px;width:33.33%;width:calc(33.33% - ( ( 4% + 4% ) * 0.3333 ) );margin-right: 4%;'>\n\t\t\t\t\t<div class=\"fusion-column-wrapper\" style=\"background-position:left top;background-repeat:no-repeat;-webkit-background-size:cover;-moz-background-size:cover;-o-background-size:cover;background-size:cover;\"  data-bg-url=\"\">\n\t\t\t\t\t\t<span class=\"fusion-imageframe imageframe-none imageframe-1 hover-type-none\"><img loading=\"lazy\" src=\"http:\/\/emafructidor.com\/ema\/wp-content\/uploads\/2024\/02\/VISUEL-CLUB-MADE-274x300.jpg\" width=\"274\" height=\"300\" alt=\"\" title=\"VISUEL-CLUB MADE\" class=\"img-responsive wp-image-9168\" srcset=\"http:\/\/emafructidor.com\/ema\/wp-content\/uploads\/2024\/02\/VISUEL-CLUB-MADE-200x219.jpg 200w, http:\/\/emafructidor.com\/ema\/wp-content\/uploads\/2024\/02\/VISUEL-CLUB-MADE.jpg 391w\" sizes=\"(max-width: 800px) 100vw, 274px\" \/><\/span><div class=\"fusion-clearfix\"><\/div>\n\n\t\t\t\t\t<\/div>\n\t\t\t\t<\/div><div  class=\"fusion-layout-column fusion_builder_column fusion_builder_column_1_3  fusion-one-third 1_3\"  style='margin-top:0px;margin-bottom:20px;width:33.33%;width:calc(33.33% - ( ( 4% + 4% ) * 0.3333 ) );margin-right: 4%;'>\n\t\t\t\t\t<div class=\"fusion-column-wrapper\" style=\"background-position:left top;background-repeat:no-repeat;-webkit-background-size:cover;-moz-background-size:cover;-o-background-size:cover;background-size:cover;\"  data-bg-url=\"\">\n\t\t\t\t\t\t<div class=\"fusion-title title sep-underline sep-dashed fusion-title-center fusion-title-size-three\" style=\"border-bottom-color:#e0dede;margin-top:0px;margin-bottom:31px;\"><h3 class=\"title-heading-center\">Bureau de l&rsquo;association<\/h3><\/div><div class=\"fusion-text\"><p style=\"text-align: left;\"><span style=\"color: #000000;\"><strong>Pr\u00e9sidence : <\/strong><span class=\"student-surname\">Quitterie <\/span><span class=\"student-name\">WILLEMET <\/span><\/span><\/p>\n<p style=\"text-align: left;\"><span style=\"color: #000000;\"><strong>Vice-pr\u00e9sidence : <\/strong>Timoty OPERMAN <\/span><\/p>\n<p style=\"text-align: left;\"><span style=\"color: #000000;\"><strong>Communication : <\/strong><span class=\"student-surname\">Lilou <\/span><span class=\"student-name\">RAPINAT<\/span>&nbsp;<\/span><\/p>\n<p>&nbsp;<\/p>\n<\/div><div class=\"fusion-clearfix\"><\/div>\n\n\t\t\t\t\t<\/div>\n\t\t\t\t<\/div><div  class=\"fusion-layout-column fusion_builder_column fusion_builder_column_1_3  fusion-one-third fusion-column-last 1_3\"  style='margin-top:0px;margin-bottom:20px;width:33.33%;width:calc(33.33% - ( ( 4% + 4% ) * 0.3333 ) );'>\n\t\t\t\t\t<div class=\"fusion-column-wrapper\" style=\"background-position:left top;background-repeat:no-repeat;-webkit-background-size:cover;-moz-background-size:cover;-o-background-size:cover;background-size:cover;\"  data-bg-url=\"\">\n\t\t\t\t\t\t<div class=\"fusion-title title sep-underline sep-dashed fusion-title-center fusion-title-size-three\" style=\"border-bottom-color:#e0dede;margin-top:0px;margin-bottom:31px;\"><h3 class=\"title-heading-center\">Contacts<\/h3><\/div><div class=\"fusion-text\"><p><span style=\"color: #000000;\">clubmademediaart@gmail.com<\/span><\/p>\n<p><span style=\"color: #000000;\"><a style=\"color: #000000;\" href=\"https:\/\/instagram.com\/club_made_?igshid=YmMyMTA2M2Y=\"><img loading=\"lazy\" class=\"x1b0d499 xuo83w3\" src=\"https:\/\/static.xx.fbcdn.net\/rsrc.php\/v4\/yj\/r\/LPnnw6HJjJT.png\" alt=\"\" width=\"20\" height=\"20\"> club_made<\/a><\/span><\/p>\n<\/div><div class=\"fusion-clearfix\"><\/div>\n\n\t\t\t\t\t<\/div>\n\t\t\t\t<\/div><\/div><\/div>\n","protected":false},"excerpt":{"rendered":"","protected":false},"author":9,"featured_media":0,"parent":4074,"menu_order":2,"comment_status":"open","ping_status":"open","template":"","meta":{"ngg_post_thumbnail":0},"_links":{"self":[{"href":"http:\/\/emafructidor.com\/ema\/wp-json\/wp\/v2\/pages\/1076"}],"collection":[{"href":"http:\/\/emafructidor.com\/ema\/wp-json\/wp\/v2\/pages"}],"about":[{"href":"http:\/\/emafructidor.com\/ema\/wp-json\/wp\/v2\/types\/page"}],"author":[{"embeddable":true,"href":"http:\/\/emafructidor.com\/ema\/wp-json\/wp\/v2\/users\/9"}],"replies":[{"embeddable":true,"href":"http:\/\/emafructidor.com\/ema\/wp-json\/wp\/v2\/comments?post=1076"}],"version-history":[{"count":33,"href":"http:\/\/emafructidor.com\/ema\/wp-json\/wp\/v2\/pages\/1076\/revisions"}],"predecessor-version":[{"id":11315,"href":"http:\/\/emafructidor.com\/ema\/wp-json\/wp\/v2\/pages\/1076\/revisions\/11315"}],"up":[{"embeddable":true,"href":"http:\/\/emafructidor.com\/ema\/wp-json\/wp\/v2\/pages\/4074"}],"wp:attachment":[{"href":"http:\/\/emafructidor.com\/ema\/wp-json\/wp\/v2\/media?parent=1076"}],"curies":[{"name":"wp","href":"https:\/\/api.w.org\/{rel}","templated":true}]}}