{"id":6159,"date":"2019-05-03T13:56:15","date_gmt":"2019-05-03T12:56:15","guid":{"rendered":"http:\/\/emafructidor.com\/ema\/?page_id=6159"},"modified":"2019-08-08T13:45:55","modified_gmt":"2019-08-08T12:45:55","slug":"arc-couche-sur-le-papier","status":"publish","type":"page","link":"http:\/\/emafructidor.com\/ema\/arcs\/arc-couche-sur-le-papier\/","title":{"rendered":"ARC Couch\u00e9 sur le papier"},"content":{"rendered":"<div class=\"fusion-fullwidth fullwidth-box nonhundred-percent-fullwidth non-hundred-percent-height-scrolling\"  style='background-color: #ffffff;background-position: center center;background-repeat: no-repeat;padding-top:0px;padding-right:0px;padding-bottom:0px;padding-left:0px;'><div class=\"fusion-builder-row fusion-row \"><div  class=\"fusion-layout-column fusion_builder_column fusion_builder_column_1_1  fusion-one-full fusion-column-first fusion-column-last 1_1\"  style='margin-top:0px;margin-bottom:0px;'>\n\t\t\t\t\t<div class=\"fusion-column-wrapper\" style=\"background-position:left top;background-repeat:no-repeat;-webkit-background-size:cover;-moz-background-size:cover;-o-background-size:cover;background-size:cover;\"  data-bg-url=\"\">\n\t\t\t\t\t\t<div class=\"fusion-title title sep-underline sep-solid fusion-title-size-three\" style=\"border-bottom-color:#03a9f4;margin-top:0px;margin-bottom:31px;\"><h3 class=\"title-heading-left\">ARC \u00ab\u00a0Couch\u00e9 sur le papier\u00a0\u00bb<\/h3><\/div><div class=\"fusion-text\"><p>Professeurs :&nbsp;<strong>Catherine Vageon<\/strong>&nbsp;(professeure de Dessin) et&nbsp;<strong>Sonia Cheval<\/strong>&nbsp;(professeure de S\u00e9miologie)<\/p>\n<p>\u00ab&nbsp;<em>Sentir sa main agir, tourner, lier, plonger, se lever et bien souvent, par le jeu des corrections, raturer ou faire \u00e9clater la ligne, agrandir l\u2019espace jusqu\u2019\u00e0 la marge, construisons ainsi \u00e0 partir de traits menus et apparemment fonctionnels (lettres) un espace qui est tout&nbsp;<\/em><em>simplement celui de l\u2019Art.&nbsp;<\/em>\u00bb&nbsp;<strong>Roland Barthes<\/strong><\/p>\n<p>Vous aimez \u00e9crire ; vous avez envie d\u2019\u00e9crire ; vous aimez les livres et leur organisation typographique, visuelle ; vous \u00eates lecteur aussi ; vous n\u2019\u00e9crivez pas mais avez un rapport \u00e0 l\u2019\u00e9criture, au texte, aux inscriptions qui sont autour de vous.<\/p>\n<p>Nous vous proposons de r\u00e9fl\u00e9chir \u00e0 l\u2019\u00c9criture comme mat\u00e9riau sensible et de fonder son caract\u00e8re plastique.<\/p>\n<p>Ouvrir le champ de la cr\u00e9ation sur d\u2019autres formes et faire art d\u2019\u00e9diter. Tel est l\u2019objet de l\u2019atelier. Si le livre (objet \u00e9ditorial) est l\u2019objet convoit\u00e9, nous ferons tout pour le d\u00e9jouer et r\u00e9inventer la page m\u00eame, bouger les marges, \u00e9crire, r\u00e9\u00e9crire, d\u00e9s\u00e9crire.<\/p>\n<p>Quelques artistes r\u00e9f\u00e9rents : Isidor Isou, Marcel Broodthaers, Jean-Michel Basquiat, Stefan Sagmeister (typographe)\u2026<\/p>\n<p>Quelques mot-cl\u00e9s : Litt\u00e9rature, langage, Art, performance, livre, \u00e9criture du quotidien (journal)\u2026<\/p>\n<p>L\u2019atelier est le lieu de la recherche, du dialogue, de l\u2019exp\u00e9rimentation. Il s\u2019inscrit dans le temps. L\u2019id\u00e9e est de man\u0153uvrer ensemble, de dialoguer, de partager tout en respectant le cadre donn\u00e9.<\/p>\n<p>&nbsp;<\/p>\n<\/div><div class=\"fusion-clearfix\"><\/div>\n\n\t\t\t\t\t<\/div>\n\t\t\t\t<\/div><\/div><\/div>\n","protected":false},"excerpt":{"rendered":"","protected":false},"author":9,"featured_media":0,"parent":6144,"menu_order":2,"comment_status":"closed","ping_status":"closed","template":"","meta":{"ngg_post_thumbnail":0},"_links":{"self":[{"href":"http:\/\/emafructidor.com\/ema\/wp-json\/wp\/v2\/pages\/6159"}],"collection":[{"href":"http:\/\/emafructidor.com\/ema\/wp-json\/wp\/v2\/pages"}],"about":[{"href":"http:\/\/emafructidor.com\/ema\/wp-json\/wp\/v2\/types\/page"}],"author":[{"embeddable":true,"href":"http:\/\/emafructidor.com\/ema\/wp-json\/wp\/v2\/users\/9"}],"replies":[{"embeddable":true,"href":"http:\/\/emafructidor.com\/ema\/wp-json\/wp\/v2\/comments?post=6159"}],"version-history":[{"count":9,"href":"http:\/\/emafructidor.com\/ema\/wp-json\/wp\/v2\/pages\/6159\/revisions"}],"predecessor-version":[{"id":7008,"href":"http:\/\/emafructidor.com\/ema\/wp-json\/wp\/v2\/pages\/6159\/revisions\/7008"}],"up":[{"embeddable":true,"href":"http:\/\/emafructidor.com\/ema\/wp-json\/wp\/v2\/pages\/6144"}],"wp:attachment":[{"href":"http:\/\/emafructidor.com\/ema\/wp-json\/wp\/v2\/media?parent=6159"}],"curies":[{"name":"wp","href":"https:\/\/api.w.org\/{rel}","templated":true}]}}

ARC Couché sur le papier

<div class="fusion-fullwidth fullwidth-box nonhundred-percent-fullwidth non-hundred-percent-height-scrolling"  style='background-color: #ffffff;background-position: center center;background-repeat: no-repeat;padding-top:0px;padding-right:0px;padding-bottom:0px;padding-left:0px;'><div class="fusion-builder-row fusion-row "><div  class="fusion-layout-column fusion_builder_column fusion_builder_column_1_1  fusion-one-full fusion-column-first fusion-column-last 1_1"  style='margin-top:0px;margin-bottom:0px;'>
					<div class="fusion-column-wrapper" style="background-position:left top;background-repeat:no-repeat;-webkit-background-size:cover;-moz-background-size:cover;-o-background-size:cover;background-size:cover;"  data-bg-url="">
						<div class="fusion-title title sep-underline sep-solid fusion-title-size-three" style="border-bottom-color:#03a9f4;margin-top:0px;margin-bottom:31px;"><h3 class="title-heading-left">ARC « Couché sur le papier »</h3></div><div class="fusion-text"><p>Professeurs :&nbsp;<strong>Catherine Vageon</strong>&nbsp;(professeure de Dessin) et&nbsp;<strong>Sonia Cheval</strong>&nbsp;(professeure de Sémiologie)</p>
<p>«&nbsp;<em>Sentir sa main agir, tourner, lier, plonger, se lever et bien souvent, par le jeu des corrections, raturer ou faire éclater la ligne, agrandir l’espace jusqu’à la marge, construisons ainsi à partir de traits menus et apparemment fonctionnels (lettres) un espace qui est tout&nbsp;</em><em>simplement celui de l’Art.&nbsp;</em>»&nbsp;<strong>Roland Barthes</strong></p>
<p>Vous aimez écrire ; vous avez envie d’écrire ; vous aimez les livres et leur organisation typographique, visuelle ; vous êtes lecteur aussi ; vous n’écrivez pas mais avez un rapport à l’écriture, au texte, aux inscriptions qui sont autour de vous.</p>
<p>Nous vous proposons de réfléchir à l’Écriture comme matériau sensible et de fonder son caractère plastique.</p>
<p>Ouvrir le champ de la création sur d’autres formes et faire art d’éditer. Tel est l’objet de l’atelier. Si le livre (objet éditorial) est l’objet convoité, nous ferons tout pour le déjouer et réinventer la page même, bouger les marges, écrire, réécrire, désécrire.</p>
<p>Quelques artistes référents : Isidor Isou, Marcel Broodthaers, Jean-Michel Basquiat, Stefan Sagmeister (typographe)…</p>
<p>Quelques mot-clés : Littérature, langage, Art, performance, livre, écriture du quotidien (journal)…</p>
<p>L’atelier est le lieu de la recherche, du dialogue, de l’expérimentation. Il s’inscrit dans le temps. L’idée est de manœuvrer ensemble, de dialoguer, de partager tout en respectant le cadre donné.</p>
<p>&nbsp;</p>
</div><div class="fusion-clearfix"></div>

					</div>
				</div></div></div>
