{"id":7051,"date":"2019-08-12T12:47:18","date_gmt":"2019-08-12T11:47:18","guid":{"rendered":"http:\/\/emafructidor.com\/ema\/?page_id=7051"},"modified":"2026-04-02T10:14:36","modified_gmt":"2026-04-02T09:14:36","slug":"praxis","status":"publish","type":"page","link":"http:\/\/emafructidor.com\/ema\/praxis\/","title":{"rendered":"PRAXIS"},"content":{"rendered":"<div class=\"fusion-fullwidth fullwidth-box nonhundred-percent-fullwidth non-hundred-percent-height-scrolling\"  style='background-color: #ffffff;background-position: center center;background-repeat: no-repeat;padding-top:0px;padding-right:0px;padding-bottom:0px;padding-left:0px;margin-top: 20px;'><div class=\"fusion-builder-row fusion-row \"><div  class=\"fusion-layout-column fusion_builder_column fusion_builder_column_1_1  fusion-one-full fusion-column-first fusion-column-last 1_1\"  style='margin-top:0px;margin-bottom:20px;'>\n\t\t\t\t\t<div class=\"fusion-column-wrapper\" style=\"background-position:left top;background-repeat:no-repeat;-webkit-background-size:cover;-moz-background-size:cover;-o-background-size:cover;background-size:cover;\"  data-bg-url=\"\">\n\t\t\t\t\t\t<div class=\"fusion-text\"><h2><span style=\"color: #000000;\">PRAXIS, ATELIERS DE PRATIQUE EN AMATEUR&nbsp;<\/span><\/h2>\n<\/div><div class=\"fusion-text\"><p align=\"justify\"><span style=\"color: #000000;\">L\u2019e|m|a propose une offre d&rsquo;ateliers d\u2019arts plastiques appel\u00e9e <strong>Praxis<\/strong>. Ces ateliers sont ouverts \u00e0 tous et toutes. <\/span><\/p>\n<p align=\"justify\"><span style=\"color: #000000;\">Un programme hebdomadaire permet de pratiquer r\u00e9guli\u00e8rement le dessin, la peinture, la c\u00e9ramique, la poterie, les estampes, etc.<\/span><\/p>\n<p align=\"justify\"><span style=\"color: #000000;\">Des stages sont \u00e9galement propos\u00e9s tout au long de l&rsquo;ann\u00e9e dans des domaines vari\u00e9s.<\/span><\/p>\n<p align=\"justify\">&#8212;<\/p>\n<p align=\"justify\"><span style=\"color: #000000;\">Les ateliers de l&rsquo;\u00e9cole media art sont propos\u00e9s au sein de ses deux sites : Fructidor et Citadelle<\/span><\/p>\n<p align=\"justify\"><span style=\"color: #000000;\"><strong>Fructidor :<\/strong> 34 rue Fructidor | 71100 Chalon-sur-Sa\u00f4ne<\/span><\/p>\n<p align=\"justify\"><span style=\"color: #000000;\"><strong>Citadelle :<\/strong> 7 bis, rue Leschenault de la Tour | 71100 Chalon-sur-Sa\u00f4ne<\/span><\/p>\n<p>&nbsp;<\/p>\n<\/div><div class=\"fusion-clearfix\"><\/div>\n\n\t\t\t\t\t<\/div>\n\t\t\t\t<\/div><div  class=\"fusion-layout-column fusion_builder_column fusion_builder_column_1_3  fusion-one-third fusion-column-first 1_3\"  style='margin-top:0px;margin-bottom:20px;width:33.33%;width:calc(33.33% - ( ( 4% + 4% ) * 0.3333 ) );margin-right: 4%;'>\n\t\t\t\t\t<div class=\"fusion-column-wrapper\" style=\"background-position:left top;background-repeat:no-repeat;-webkit-background-size:cover;-moz-background-size:cover;-o-background-size:cover;background-size:cover;\"  data-bg-url=\"\">\n\t\t\t\t\t\t<div class=\"fusion-text\"><p><img loading=\"lazy\" class=\"alignnone wp-image-8789\" src=\"http:\/\/emafructidor.com\/ema\/wp-content\/uploads\/2023\/09\/IMG_20230919_161451-300x300.jpg\" alt=\"\" width=\"400\" height=\"400\" srcset=\"http:\/\/emafructidor.com\/ema\/wp-content\/uploads\/2023\/09\/IMG_20230919_161451-66x66.jpg 66w, http:\/\/emafructidor.com\/ema\/wp-content\/uploads\/2023\/09\/IMG_20230919_161451-150x150.jpg 150w, http:\/\/emafructidor.com\/ema\/wp-content\/uploads\/2023\/09\/IMG_20230919_161451-200x200.jpg 200w, http:\/\/emafructidor.com\/ema\/wp-content\/uploads\/2023\/09\/IMG_20230919_161451-300x300.jpg 300w, http:\/\/emafructidor.com\/ema\/wp-content\/uploads\/2023\/09\/IMG_20230919_161451-400x400.jpg 400w, http:\/\/emafructidor.com\/ema\/wp-content\/uploads\/2023\/09\/IMG_20230919_161451-600x600.jpg 600w, http:\/\/emafructidor.com\/ema\/wp-content\/uploads\/2023\/09\/IMG_20230919_161451-700x700.jpg 700w, http:\/\/emafructidor.com\/ema\/wp-content\/uploads\/2023\/09\/IMG_20230919_161451-768x768.jpg 768w, http:\/\/emafructidor.com\/ema\/wp-content\/uploads\/2023\/09\/IMG_20230919_161451-800x800.jpg 800w, http:\/\/emafructidor.com\/ema\/wp-content\/uploads\/2023\/09\/IMG_20230919_161451-1200x1200.jpg 1200w, http:\/\/emafructidor.com\/ema\/wp-content\/uploads\/2023\/09\/IMG_20230919_161451-1536x1536.jpg 1536w\" sizes=\"(max-width: 400px) 100vw, 400px\" \/><\/p>\n<\/div><div class=\"fusion-title title sep-underline sep-solid fusion-title-size-three\" style=\"border-bottom-color:#03a9f4;margin-top:0px;margin-bottom:31px;\"><h3 class=\"title-heading-left\"><h3><span style=\"color: #000000;\">ATELIERS HEBDOMADAIRES<\/span><\/h3><\/h3><\/div><div class=\"fusion-text\"><p align=\"justify\"><span style=\"color: #000000;\">Chaque ann\u00e9e, une vingtaine d&rsquo;ateliers sont propos\u00e9s toutes les semaines \u00e0 pr\u00e8s de 400 auditeurs.<\/span><\/p>\n<\/div><div class=\"fusion-text\"><p><span style=\"color: #0000ff;\"><a style=\"color: #0000ff;\" href=\"https:\/\/emafructidor.com\/ema\/praxis\/ateliers-hebdo\/\">ATELIERS 2025-2026<\/a><\/span><\/p>\n<\/div><div class=\"fusion-clearfix\"><\/div>\n\n\t\t\t\t\t<\/div>\n\t\t\t\t<\/div><div  class=\"fusion-layout-column fusion_builder_column fusion_builder_column_1_3  fusion-one-third 1_3\"  style='margin-top:0px;margin-bottom:20px;width:33.33%;width:calc(33.33% - ( ( 4% + 4% ) * 0.3333 ) );margin-right: 4%;'>\n\t\t\t\t\t<div class=\"fusion-column-wrapper\" style=\"background-position:left top;background-repeat:no-repeat;-webkit-background-size:cover;-moz-background-size:cover;-o-background-size:cover;background-size:cover;\"  data-bg-url=\"\">\n\t\t\t\t\t\t<div class=\"fusion-text\"><p><img loading=\"lazy\" class=\"alignnone wp-image-9762\" src=\"http:\/\/emafructidor.com\/ema\/wp-content\/uploads\/2024\/07\/bois-stage-300x300.png\" alt=\"\" width=\"400\" height=\"400\" srcset=\"http:\/\/emafructidor.com\/ema\/wp-content\/uploads\/2024\/07\/bois-stage-66x66.png 66w, http:\/\/emafructidor.com\/ema\/wp-content\/uploads\/2024\/07\/bois-stage-150x150.png 150w, http:\/\/emafructidor.com\/ema\/wp-content\/uploads\/2024\/07\/bois-stage-200x200.png 200w, http:\/\/emafructidor.com\/ema\/wp-content\/uploads\/2024\/07\/bois-stage-300x300.png 300w, http:\/\/emafructidor.com\/ema\/wp-content\/uploads\/2024\/07\/bois-stage-400x400.png 400w, http:\/\/emafructidor.com\/ema\/wp-content\/uploads\/2024\/07\/bois-stage.png 420w\" sizes=\"(max-width: 400px) 100vw, 400px\" \/><\/p>\n<\/div><div class=\"fusion-title title sep-underline sep-solid fusion-title-size-three\" style=\"border-bottom-color:#03a9f4;margin-top:0px;margin-bottom:31px;\"><h3 class=\"title-heading-left\"><h3><span style=\"color: #000000;\">STAGES<\/span><\/h3><\/h3><\/div><div class=\"fusion-text\"><p><span style=\"color: #000000;\">Des stages sont propos\u00e9s tout au long de l\u2019ann\u00e9e. Ils permettent de d\u00e9couvrir une pratique en art ou de se perfectionner dans un domaine particulier.<\/span><\/p>\n<\/div><div class=\"fusion-text\"><p><span style=\"color: #0000ff;\"><a style=\"color: #0000ff;\" href=\"https:\/\/emafructidor.com\/ema\/stages-praxis-2\/\">STAGES 2026<\/a><\/span><\/p>\n<\/div><div class=\"fusion-clearfix\"><\/div>\n\n\t\t\t\t\t<\/div>\n\t\t\t\t<\/div><div  class=\"fusion-layout-column fusion_builder_column fusion_builder_column_1_3  fusion-one-third fusion-column-last 1_3\"  style='margin-top:0px;margin-bottom:20px;width:33.33%;width:calc(33.33% - ( ( 4% + 4% ) * 0.3333 ) );'>\n\t\t\t\t\t<div class=\"fusion-column-wrapper\" style=\"background-position:left top;background-repeat:no-repeat;-webkit-background-size:cover;-moz-background-size:cover;-o-background-size:cover;background-size:cover;\"  data-bg-url=\"\">\n\t\t\t\t\t\t<div class=\"fusion-text\"><p><img loading=\"lazy\" class=\"alignnone wp-image-9174\" src=\"http:\/\/emafructidor.com\/ema\/wp-content\/uploads\/2024\/02\/IMG_20231220_181932-300x300.jpg\" alt=\"\" width=\"400\" height=\"400\" srcset=\"http:\/\/emafructidor.com\/ema\/wp-content\/uploads\/2024\/02\/IMG_20231220_181932-66x66.jpg 66w, http:\/\/emafructidor.com\/ema\/wp-content\/uploads\/2024\/02\/IMG_20231220_181932-150x150.jpg 150w, http:\/\/emafructidor.com\/ema\/wp-content\/uploads\/2024\/02\/IMG_20231220_181932-200x200.jpg 200w, http:\/\/emafructidor.com\/ema\/wp-content\/uploads\/2024\/02\/IMG_20231220_181932-300x300.jpg 300w, http:\/\/emafructidor.com\/ema\/wp-content\/uploads\/2024\/02\/IMG_20231220_181932-400x400.jpg 400w, http:\/\/emafructidor.com\/ema\/wp-content\/uploads\/2024\/02\/IMG_20231220_181932-600x600.jpg 600w, http:\/\/emafructidor.com\/ema\/wp-content\/uploads\/2024\/02\/IMG_20231220_181932-700x700.jpg 700w, http:\/\/emafructidor.com\/ema\/wp-content\/uploads\/2024\/02\/IMG_20231220_181932-768x768.jpg 768w, http:\/\/emafructidor.com\/ema\/wp-content\/uploads\/2024\/02\/IMG_20231220_181932-800x800.jpg 800w, http:\/\/emafructidor.com\/ema\/wp-content\/uploads\/2024\/02\/IMG_20231220_181932-1200x1200.jpg 1200w, http:\/\/emafructidor.com\/ema\/wp-content\/uploads\/2024\/02\/IMG_20231220_181932-1536x1536.jpg 1536w\" sizes=\"(max-width: 400px) 100vw, 400px\" \/><\/p>\n<\/div><div class=\"fusion-title title sep-underline sep-solid fusion-title-size-three\" style=\"border-bottom-color:#03a9f4;margin-top:0px;margin-bottom:31px;\"><h3 class=\"title-heading-left\"><h3><span style=\"color: #000000;\">\u00c9V\u00c9NEMENTS<\/span><\/h3><\/h3><\/div><div class=\"fusion-text\"><p><span style=\"color: #000000;\">L&rsquo;e|m|a est \u00e9galement un lieu de vie qui organise des \u00e9v\u00e8nements, tels que le solstice d&rsquo;hiver en d\u00e9cembre (exposition lumineuse) ou les Journ\u00e9es Portes Ouvertes en mai.<\/span><\/p>\n<p><span style=\"color: #000000;\">Pour conna\u00eetre notre actualit\u00e9, suivez-nous \u00e9galement sur les r\u00e9seaux sociaux.<\/span><\/p>\n<p><span style=\"color: #0000ff;\"><a style=\"color: #0000ff;\" href=\"https:\/\/www.facebook.com\/emafructidor\/\">#Facebook<\/a><\/span><\/p>\n<p><span style=\"color: #0000ff;\"><a style=\"color: #0000ff;\" href=\"https:\/\/www.instagram.com\/ema.chalon\/\">#Instagram<\/a><\/span><\/p>\n<\/div><div class=\"fusion-clearfix\"><\/div>\n\n\t\t\t\t\t<\/div>\n\t\t\t\t<\/div><\/div><\/div>\n","protected":false},"excerpt":{"rendered":"","protected":false},"author":5,"featured_media":0,"parent":0,"menu_order":6,"comment_status":"closed","ping_status":"closed","template":"","meta":{"ngg_post_thumbnail":0},"_links":{"self":[{"href":"http:\/\/emafructidor.com\/ema\/wp-json\/wp\/v2\/pages\/7051"}],"collection":[{"href":"http:\/\/emafructidor.com\/ema\/wp-json\/wp\/v2\/pages"}],"about":[{"href":"http:\/\/emafructidor.com\/ema\/wp-json\/wp\/v2\/types\/page"}],"author":[{"embeddable":true,"href":"http:\/\/emafructidor.com\/ema\/wp-json\/wp\/v2\/users\/5"}],"replies":[{"embeddable":true,"href":"http:\/\/emafructidor.com\/ema\/wp-json\/wp\/v2\/comments?post=7051"}],"version-history":[{"count":62,"href":"http:\/\/emafructidor.com\/ema\/wp-json\/wp\/v2\/pages\/7051\/revisions"}],"predecessor-version":[{"id":11940,"href":"http:\/\/emafructidor.com\/ema\/wp-json\/wp\/v2\/pages\/7051\/revisions\/11940"}],"wp:attachment":[{"href":"http:\/\/emafructidor.com\/ema\/wp-json\/wp\/v2\/media?parent=7051"}],"curies":[{"name":"wp","href":"https:\/\/api.w.org\/{rel}","templated":true}]}}