{"id":7772,"date":"2021-11-12T14:00:38","date_gmt":"2021-11-12T13:00:38","guid":{"rendered":"http:\/\/emafructidor.com\/ema\/?page_id=7772"},"modified":"2021-11-12T14:05:41","modified_gmt":"2021-11-12T13:05:41","slug":"guillaume-martial","status":"publish","type":"page","link":"http:\/\/emafructidor.com\/ema\/guillaume-martial\/","title":{"rendered":"Guillaume Martial"},"content":{"rendered":"<div class=\"fusion-fullwidth fullwidth-box nonhundred-percent-fullwidth non-hundred-percent-height-scrolling\"  style='background-color: #ffffff;background-position: center center;background-repeat: no-repeat;padding-top:0px;padding-right:0px;padding-bottom:0px;padding-left:0px;'><div class=\"fusion-builder-row fusion-row \"><div  class=\"fusion-layout-column fusion_builder_column fusion_builder_column_1_1  fusion-one-full fusion-column-first fusion-column-last 1_1\"  style='margin-top:0px;margin-bottom:0px;'>\n\t\t\t\t\t<div class=\"fusion-column-wrapper\" style=\"background-position:left top;background-repeat:no-repeat;-webkit-background-size:cover;-moz-background-size:cover;-o-background-size:cover;background-size:cover;\"  data-bg-url=\"\">\n\t\t\t\t\t\t<div class=\"fusion-text\"><h1 style=\"text-align: center;\"><strong>A la limite de l&rsquo;espace<\/strong>, un workshop anim\u00e9 par Guillaume Martial<br \/>\npropos\u00e9 par Olivier Champagne<\/h1>\n<\/div><div class=\"fusion-text\"><p><span class=\"JsGRdQ\"><a href=\"http:\/\/www.guillaumemartial.fr\/\">Guillaume Martial <\/a>est n\u00e9 en 1985, est un artiste visuel utilisant la photographie et la vid\u00e9o. Inspir\u00e9 par le cin\u00e9ma burlesque, le sport ou l\u2019univers du cirque, Guillaume Martial construit des narrations visuelles en interpr\u00e9tant des personnages jouant avec l\u2019espace, avec humour et po\u00e9sie. En 2015, il re\u00e7oit le Prix HSBC Pour la Photographie et publie Slap-Stick aux Editions Actes Sud. Son travail est r\u00e9guli\u00e8rement expos\u00e9 en France ou \u00e0 l\u2019\u00e9tranger. Ses \u0153uvres sont pr\u00e9sentes dans plusieurs collections publiques dont le mus\u00e9e Nic\u00e9phore Ni\u00e9pce, le Fond D\u00e9partemental d\u2019Art Contemporain de Dordogne ou les artoth\u00e8ques de Lyon et d\u2019Angers.\u00a0<\/span><\/p>\n<\/div><div class=\"fusion-text\">\n\t\t<style type=\"text\/css\">\n\t\t\t#gallery-1 {\n\t\t\t\tmargin: auto;\n\t\t\t}\n\t\t\t#gallery-1 .gallery-item {\n\t\t\t\tfloat: left;\n\t\t\t\tmargin-top: 10px;\n\t\t\t\ttext-align: center;\n\t\t\t\twidth: 33%;\n\t\t\t}\n\t\t\t#gallery-1 img {\n\t\t\t\tborder: 2px solid #cfcfcf;\n\t\t\t}\n\t\t\t#gallery-1 .gallery-caption {\n\t\t\t\tmargin-left: 0;\n\t\t\t}\n\t\t\t\/* see gallery_shortcode() in wp-includes\/media.php *\/\n\t\t<\/style>\n\t\t<div id='gallery-1' class='gallery galleryid-7772 gallery-columns-3 gallery-size-medium'><dl class='gallery-item'>\n\t\t\t<dt class='gallery-icon landscape'>\n\t\t\t\t<a data-rel=\"iLightbox[postimages]\" data-title=\"Guillaume Martial\" data-caption=\"\" href='http:\/\/emafructidor.com\/ema\/guillaume-martial\/img_9390\/'><img width=\"300\" height=\"225\" src=\"http:\/\/emafructidor.com\/ema\/wp-content\/uploads\/2021\/11\/IMG_9390-300x225.jpg\" class=\"attachment-medium size-medium\" alt=\"\" loading=\"lazy\" srcset=\"http:\/\/emafructidor.com\/ema\/wp-content\/uploads\/2021\/11\/IMG_9390-200x150.jpg 200w, http:\/\/emafructidor.com\/ema\/wp-content\/uploads\/2021\/11\/IMG_9390-300x225.jpg 300w, http:\/\/emafructidor.com\/ema\/wp-content\/uploads\/2021\/11\/IMG_9390-400x300.jpg 400w, http:\/\/emafructidor.com\/ema\/wp-content\/uploads\/2021\/11\/IMG_9390-600x450.jpg 600w, http:\/\/emafructidor.com\/ema\/wp-content\/uploads\/2021\/11\/IMG_9390.jpg 640w\" sizes=\"(max-width: 300px) 100vw, 300px\" \/><\/a>\n\t\t\t<\/dt><\/dl><dl class='gallery-item'>\n\t\t\t<dt class='gallery-icon landscape'>\n\t\t\t\t<a data-rel=\"iLightbox[postimages]\" data-title=\"Guillaume Martial\" data-caption=\"\" href='http:\/\/emafructidor.com\/ema\/guillaume-martial\/img_9391\/'><img width=\"300\" height=\"225\" src=\"http:\/\/emafructidor.com\/ema\/wp-content\/uploads\/2021\/11\/IMG_9391-300x225.jpg\" class=\"attachment-medium size-medium\" alt=\"\" loading=\"lazy\" srcset=\"http:\/\/emafructidor.com\/ema\/wp-content\/uploads\/2021\/11\/IMG_9391-200x150.jpg 200w, http:\/\/emafructidor.com\/ema\/wp-content\/uploads\/2021\/11\/IMG_9391-300x225.jpg 300w, http:\/\/emafructidor.com\/ema\/wp-content\/uploads\/2021\/11\/IMG_9391-400x300.jpg 400w, http:\/\/emafructidor.com\/ema\/wp-content\/uploads\/2021\/11\/IMG_9391-600x450.jpg 600w, http:\/\/emafructidor.com\/ema\/wp-content\/uploads\/2021\/11\/IMG_9391.jpg 640w\" sizes=\"(max-width: 300px) 100vw, 300px\" \/><\/a>\n\t\t\t<\/dt><\/dl><dl class='gallery-item'>\n\t\t\t<dt class='gallery-icon landscape'>\n\t\t\t\t<a data-rel=\"iLightbox[postimages]\" data-title=\"Guillaume Martial\" data-caption=\"\" href='http:\/\/emafructidor.com\/ema\/guillaume-martial\/img_9393\/'><img width=\"300\" height=\"225\" src=\"http:\/\/emafructidor.com\/ema\/wp-content\/uploads\/2021\/11\/IMG_9393-300x225.jpg\" class=\"attachment-medium size-medium\" alt=\"\" loading=\"lazy\" srcset=\"http:\/\/emafructidor.com\/ema\/wp-content\/uploads\/2021\/11\/IMG_9393-200x150.jpg 200w, http:\/\/emafructidor.com\/ema\/wp-content\/uploads\/2021\/11\/IMG_9393-300x225.jpg 300w, http:\/\/emafructidor.com\/ema\/wp-content\/uploads\/2021\/11\/IMG_9393-400x300.jpg 400w, http:\/\/emafructidor.com\/ema\/wp-content\/uploads\/2021\/11\/IMG_9393-600x450.jpg 600w, http:\/\/emafructidor.com\/ema\/wp-content\/uploads\/2021\/11\/IMG_9393.jpg 640w\" sizes=\"(max-width: 300px) 100vw, 300px\" \/><\/a>\n\t\t\t<\/dt><\/dl><br style=\"clear: both\" \/><dl class='gallery-item'>\n\t\t\t<dt class='gallery-icon landscape'>\n\t\t\t\t<a data-rel=\"iLightbox[postimages]\" data-title=\"Guillaume Martial\" data-caption=\"\" href='http:\/\/emafructidor.com\/ema\/guillaume-martial\/img_9394\/'><img width=\"300\" height=\"225\" src=\"http:\/\/emafructidor.com\/ema\/wp-content\/uploads\/2021\/11\/IMG_9394-300x225.jpg\" class=\"attachment-medium size-medium\" alt=\"\" loading=\"lazy\" srcset=\"http:\/\/emafructidor.com\/ema\/wp-content\/uploads\/2021\/11\/IMG_9394-200x150.jpg 200w, http:\/\/emafructidor.com\/ema\/wp-content\/uploads\/2021\/11\/IMG_9394-300x225.jpg 300w, http:\/\/emafructidor.com\/ema\/wp-content\/uploads\/2021\/11\/IMG_9394-400x300.jpg 400w, http:\/\/emafructidor.com\/ema\/wp-content\/uploads\/2021\/11\/IMG_9394-600x450.jpg 600w, http:\/\/emafructidor.com\/ema\/wp-content\/uploads\/2021\/11\/IMG_9394.jpg 640w\" sizes=\"(max-width: 300px) 100vw, 300px\" \/><\/a>\n\t\t\t<\/dt><\/dl><dl class='gallery-item'>\n\t\t\t<dt class='gallery-icon landscape'>\n\t\t\t\t<a data-rel=\"iLightbox[postimages]\" data-title=\"Guillaume Martial\" data-caption=\"\" href='http:\/\/emafructidor.com\/ema\/guillaume-martial\/img_9395\/'><img width=\"300\" height=\"225\" src=\"http:\/\/emafructidor.com\/ema\/wp-content\/uploads\/2021\/11\/IMG_9395-300x225.jpg\" class=\"attachment-medium size-medium\" alt=\"\" loading=\"lazy\" srcset=\"http:\/\/emafructidor.com\/ema\/wp-content\/uploads\/2021\/11\/IMG_9395-200x150.jpg 200w, http:\/\/emafructidor.com\/ema\/wp-content\/uploads\/2021\/11\/IMG_9395-300x225.jpg 300w, http:\/\/emafructidor.com\/ema\/wp-content\/uploads\/2021\/11\/IMG_9395-400x300.jpg 400w, http:\/\/emafructidor.com\/ema\/wp-content\/uploads\/2021\/11\/IMG_9395-600x450.jpg 600w, http:\/\/emafructidor.com\/ema\/wp-content\/uploads\/2021\/11\/IMG_9395.jpg 640w\" sizes=\"(max-width: 300px) 100vw, 300px\" \/><\/a>\n\t\t\t<\/dt><\/dl><dl class='gallery-item'>\n\t\t\t<dt class='gallery-icon landscape'>\n\t\t\t\t<a data-rel=\"iLightbox[postimages]\" data-title=\"Guillaume Martial\" data-caption=\"\" href='http:\/\/emafructidor.com\/ema\/guillaume-martial\/img_9397\/'><img width=\"300\" height=\"225\" src=\"http:\/\/emafructidor.com\/ema\/wp-content\/uploads\/2021\/11\/IMG_9397-300x225.jpg\" class=\"attachment-medium size-medium\" alt=\"\" loading=\"lazy\" srcset=\"http:\/\/emafructidor.com\/ema\/wp-content\/uploads\/2021\/11\/IMG_9397-200x150.jpg 200w, http:\/\/emafructidor.com\/ema\/wp-content\/uploads\/2021\/11\/IMG_9397-300x225.jpg 300w, http:\/\/emafructidor.com\/ema\/wp-content\/uploads\/2021\/11\/IMG_9397-400x300.jpg 400w, http:\/\/emafructidor.com\/ema\/wp-content\/uploads\/2021\/11\/IMG_9397-600x450.jpg 600w, http:\/\/emafructidor.com\/ema\/wp-content\/uploads\/2021\/11\/IMG_9397.jpg 640w\" sizes=\"(max-width: 300px) 100vw, 300px\" \/><\/a>\n\t\t\t<\/dt><\/dl><br style=\"clear: both\" \/><dl class='gallery-item'>\n\t\t\t<dt class='gallery-icon landscape'>\n\t\t\t\t<a data-rel=\"iLightbox[postimages]\" data-title=\"Guillaume Martial\" data-caption=\"\" href='http:\/\/emafructidor.com\/ema\/guillaume-martial\/img_9398\/'><img width=\"300\" height=\"225\" src=\"http:\/\/emafructidor.com\/ema\/wp-content\/uploads\/2021\/11\/IMG_9398-300x225.jpg\" class=\"attachment-medium size-medium\" alt=\"\" loading=\"lazy\" srcset=\"http:\/\/emafructidor.com\/ema\/wp-content\/uploads\/2021\/11\/IMG_9398-200x150.jpg 200w, http:\/\/emafructidor.com\/ema\/wp-content\/uploads\/2021\/11\/IMG_9398-300x225.jpg 300w, http:\/\/emafructidor.com\/ema\/wp-content\/uploads\/2021\/11\/IMG_9398-400x300.jpg 400w, http:\/\/emafructidor.com\/ema\/wp-content\/uploads\/2021\/11\/IMG_9398-600x450.jpg 600w, http:\/\/emafructidor.com\/ema\/wp-content\/uploads\/2021\/11\/IMG_9398.jpg 640w\" sizes=\"(max-width: 300px) 100vw, 300px\" \/><\/a>\n\t\t\t<\/dt><\/dl><dl class='gallery-item'>\n\t\t\t<dt class='gallery-icon landscape'>\n\t\t\t\t<a data-rel=\"iLightbox[postimages]\" data-title=\"Guillaume Martial\" data-caption=\"\" href='http:\/\/emafructidor.com\/ema\/guillaume-martial\/img_9399\/'><img width=\"300\" height=\"225\" src=\"http:\/\/emafructidor.com\/ema\/wp-content\/uploads\/2021\/11\/IMG_9399-300x225.jpg\" class=\"attachment-medium size-medium\" alt=\"\" loading=\"lazy\" srcset=\"http:\/\/emafructidor.com\/ema\/wp-content\/uploads\/2021\/11\/IMG_9399-200x150.jpg 200w, http:\/\/emafructidor.com\/ema\/wp-content\/uploads\/2021\/11\/IMG_9399-300x225.jpg 300w, http:\/\/emafructidor.com\/ema\/wp-content\/uploads\/2021\/11\/IMG_9399-400x300.jpg 400w, http:\/\/emafructidor.com\/ema\/wp-content\/uploads\/2021\/11\/IMG_9399-600x450.jpg 600w, http:\/\/emafructidor.com\/ema\/wp-content\/uploads\/2021\/11\/IMG_9399.jpg 640w\" sizes=\"(max-width: 300px) 100vw, 300px\" \/><\/a>\n\t\t\t<\/dt><\/dl><dl class='gallery-item'>\n\t\t\t<dt class='gallery-icon landscape'>\n\t\t\t\t<a data-rel=\"iLightbox[postimages]\" data-title=\"Guillaume Martial\" data-caption=\"\" href='http:\/\/emafructidor.com\/ema\/guillaume-martial\/img_4057\/'><img width=\"300\" height=\"225\" src=\"http:\/\/emafructidor.com\/ema\/wp-content\/uploads\/2021\/11\/IMG_4057-300x225.jpg\" class=\"attachment-medium size-medium\" alt=\"\" loading=\"lazy\" srcset=\"http:\/\/emafructidor.com\/ema\/wp-content\/uploads\/2021\/11\/IMG_4057-200x150.jpg 200w, http:\/\/emafructidor.com\/ema\/wp-content\/uploads\/2021\/11\/IMG_4057-300x225.jpg 300w, http:\/\/emafructidor.com\/ema\/wp-content\/uploads\/2021\/11\/IMG_4057-400x300.jpg 400w, http:\/\/emafructidor.com\/ema\/wp-content\/uploads\/2021\/11\/IMG_4057-600x450.jpg 600w, http:\/\/emafructidor.com\/ema\/wp-content\/uploads\/2021\/11\/IMG_4057-700x525.jpg 700w, http:\/\/emafructidor.com\/ema\/wp-content\/uploads\/2021\/11\/IMG_4057-768x576.jpg 768w, http:\/\/emafructidor.com\/ema\/wp-content\/uploads\/2021\/11\/IMG_4057-800x600.jpg 800w, http:\/\/emafructidor.com\/ema\/wp-content\/uploads\/2021\/11\/IMG_4057-1200x900.jpg 1200w\" sizes=\"(max-width: 300px) 100vw, 300px\" \/><\/a>\n\t\t\t<\/dt><\/dl><br style=\"clear: both\" \/><dl class='gallery-item'>\n\t\t\t<dt class='gallery-icon landscape'>\n\t\t\t\t<a data-rel=\"iLightbox[postimages]\" data-title=\"Guillaume Martial\" data-caption=\"\" href='http:\/\/emafructidor.com\/ema\/guillaume-martial\/img_4058\/'><img width=\"300\" height=\"225\" src=\"http:\/\/emafructidor.com\/ema\/wp-content\/uploads\/2021\/11\/IMG_4058-300x225.jpg\" class=\"attachment-medium size-medium\" alt=\"\" loading=\"lazy\" srcset=\"http:\/\/emafructidor.com\/ema\/wp-content\/uploads\/2021\/11\/IMG_4058-200x150.jpg 200w, http:\/\/emafructidor.com\/ema\/wp-content\/uploads\/2021\/11\/IMG_4058-300x225.jpg 300w, http:\/\/emafructidor.com\/ema\/wp-content\/uploads\/2021\/11\/IMG_4058-400x300.jpg 400w, http:\/\/emafructidor.com\/ema\/wp-content\/uploads\/2021\/11\/IMG_4058-600x450.jpg 600w, http:\/\/emafructidor.com\/ema\/wp-content\/uploads\/2021\/11\/IMG_4058-700x525.jpg 700w, http:\/\/emafructidor.com\/ema\/wp-content\/uploads\/2021\/11\/IMG_4058-768x576.jpg 768w, http:\/\/emafructidor.com\/ema\/wp-content\/uploads\/2021\/11\/IMG_4058-800x600.jpg 800w, http:\/\/emafructidor.com\/ema\/wp-content\/uploads\/2021\/11\/IMG_4058-1200x900.jpg 1200w\" sizes=\"(max-width: 300px) 100vw, 300px\" \/><\/a>\n\t\t\t<\/dt><\/dl><dl class='gallery-item'>\n\t\t\t<dt class='gallery-icon landscape'>\n\t\t\t\t<a data-rel=\"iLightbox[postimages]\" data-title=\"Guillaume Martial\" data-caption=\"\" href='http:\/\/emafructidor.com\/ema\/guillaume-martial\/img_4059\/'><img width=\"300\" height=\"225\" src=\"http:\/\/emafructidor.com\/ema\/wp-content\/uploads\/2021\/11\/IMG_4059-300x225.jpg\" class=\"attachment-medium size-medium\" alt=\"\" loading=\"lazy\" srcset=\"http:\/\/emafructidor.com\/ema\/wp-content\/uploads\/2021\/11\/IMG_4059-200x150.jpg 200w, http:\/\/emafructidor.com\/ema\/wp-content\/uploads\/2021\/11\/IMG_4059-300x225.jpg 300w, http:\/\/emafructidor.com\/ema\/wp-content\/uploads\/2021\/11\/IMG_4059-400x300.jpg 400w, http:\/\/emafructidor.com\/ema\/wp-content\/uploads\/2021\/11\/IMG_4059-600x450.jpg 600w, http:\/\/emafructidor.com\/ema\/wp-content\/uploads\/2021\/11\/IMG_4059-700x525.jpg 700w, http:\/\/emafructidor.com\/ema\/wp-content\/uploads\/2021\/11\/IMG_4059-768x576.jpg 768w, http:\/\/emafructidor.com\/ema\/wp-content\/uploads\/2021\/11\/IMG_4059-800x600.jpg 800w, http:\/\/emafructidor.com\/ema\/wp-content\/uploads\/2021\/11\/IMG_4059-1200x900.jpg 1200w\" sizes=\"(max-width: 300px) 100vw, 300px\" \/><\/a>\n\t\t\t<\/dt><\/dl><dl class='gallery-item'>\n\t\t\t<dt class='gallery-icon landscape'>\n\t\t\t\t<a data-rel=\"iLightbox[postimages]\" data-title=\"Guillaume Martial\" data-caption=\"\" href='http:\/\/emafructidor.com\/ema\/guillaume-martial\/img_4045\/'><img width=\"300\" height=\"225\" src=\"http:\/\/emafructidor.com\/ema\/wp-content\/uploads\/2021\/11\/IMG_4045-300x225.jpg\" class=\"attachment-medium size-medium\" alt=\"\" loading=\"lazy\" srcset=\"http:\/\/emafructidor.com\/ema\/wp-content\/uploads\/2021\/11\/IMG_4045-200x150.jpg 200w, http:\/\/emafructidor.com\/ema\/wp-content\/uploads\/2021\/11\/IMG_4045-300x225.jpg 300w, http:\/\/emafructidor.com\/ema\/wp-content\/uploads\/2021\/11\/IMG_4045-400x300.jpg 400w, http:\/\/emafructidor.com\/ema\/wp-content\/uploads\/2021\/11\/IMG_4045-600x450.jpg 600w, http:\/\/emafructidor.com\/ema\/wp-content\/uploads\/2021\/11\/IMG_4045-700x525.jpg 700w, http:\/\/emafructidor.com\/ema\/wp-content\/uploads\/2021\/11\/IMG_4045-768x576.jpg 768w, http:\/\/emafructidor.com\/ema\/wp-content\/uploads\/2021\/11\/IMG_4045-800x600.jpg 800w, http:\/\/emafructidor.com\/ema\/wp-content\/uploads\/2021\/11\/IMG_4045-1200x900.jpg 1200w\" sizes=\"(max-width: 300px) 100vw, 300px\" \/><\/a>\n\t\t\t<\/dt><\/dl><br style=\"clear: both\" \/><dl class='gallery-item'>\n\t\t\t<dt class='gallery-icon landscape'>\n\t\t\t\t<a data-rel=\"iLightbox[postimages]\" data-title=\"Guillaume Martial\" data-caption=\"\" href='http:\/\/emafructidor.com\/ema\/guillaume-martial\/img_4046\/'><img width=\"300\" height=\"225\" src=\"http:\/\/emafructidor.com\/ema\/wp-content\/uploads\/2021\/11\/IMG_4046-300x225.jpg\" class=\"attachment-medium size-medium\" alt=\"\" loading=\"lazy\" srcset=\"http:\/\/emafructidor.com\/ema\/wp-content\/uploads\/2021\/11\/IMG_4046-200x150.jpg 200w, http:\/\/emafructidor.com\/ema\/wp-content\/uploads\/2021\/11\/IMG_4046-300x225.jpg 300w, http:\/\/emafructidor.com\/ema\/wp-content\/uploads\/2021\/11\/IMG_4046-400x300.jpg 400w, http:\/\/emafructidor.com\/ema\/wp-content\/uploads\/2021\/11\/IMG_4046-600x450.jpg 600w, http:\/\/emafructidor.com\/ema\/wp-content\/uploads\/2021\/11\/IMG_4046-700x525.jpg 700w, http:\/\/emafructidor.com\/ema\/wp-content\/uploads\/2021\/11\/IMG_4046-768x576.jpg 768w, http:\/\/emafructidor.com\/ema\/wp-content\/uploads\/2021\/11\/IMG_4046-800x600.jpg 800w, http:\/\/emafructidor.com\/ema\/wp-content\/uploads\/2021\/11\/IMG_4046-1200x900.jpg 1200w\" sizes=\"(max-width: 300px) 100vw, 300px\" \/><\/a>\n\t\t\t<\/dt><\/dl><dl class='gallery-item'>\n\t\t\t<dt class='gallery-icon landscape'>\n\t\t\t\t<a data-rel=\"iLightbox[postimages]\" data-title=\"Guillaume Martial\" data-caption=\"\" href='http:\/\/emafructidor.com\/ema\/guillaume-martial\/img_4049\/'><img width=\"300\" height=\"225\" src=\"http:\/\/emafructidor.com\/ema\/wp-content\/uploads\/2021\/11\/IMG_4049-300x225.jpg\" class=\"attachment-medium size-medium\" alt=\"\" loading=\"lazy\" srcset=\"http:\/\/emafructidor.com\/ema\/wp-content\/uploads\/2021\/11\/IMG_4049-200x150.jpg 200w, http:\/\/emafructidor.com\/ema\/wp-content\/uploads\/2021\/11\/IMG_4049-300x225.jpg 300w, http:\/\/emafructidor.com\/ema\/wp-content\/uploads\/2021\/11\/IMG_4049-400x300.jpg 400w, http:\/\/emafructidor.com\/ema\/wp-content\/uploads\/2021\/11\/IMG_4049-600x450.jpg 600w, http:\/\/emafructidor.com\/ema\/wp-content\/uploads\/2021\/11\/IMG_4049-700x525.jpg 700w, http:\/\/emafructidor.com\/ema\/wp-content\/uploads\/2021\/11\/IMG_4049-768x576.jpg 768w, http:\/\/emafructidor.com\/ema\/wp-content\/uploads\/2021\/11\/IMG_4049-800x600.jpg 800w, http:\/\/emafructidor.com\/ema\/wp-content\/uploads\/2021\/11\/IMG_4049-1200x900.jpg 1200w\" sizes=\"(max-width: 300px) 100vw, 300px\" \/><\/a>\n\t\t\t<\/dt><\/dl><dl class='gallery-item'>\n\t\t\t<dt class='gallery-icon landscape'>\n\t\t\t\t<a data-rel=\"iLightbox[postimages]\" data-title=\"Guillaume Martial\" data-caption=\"\" href='http:\/\/emafructidor.com\/ema\/guillaume-martial\/img_4054\/'><img width=\"300\" height=\"225\" src=\"http:\/\/emafructidor.com\/ema\/wp-content\/uploads\/2021\/11\/IMG_4054-300x225.jpg\" class=\"attachment-medium size-medium\" alt=\"\" loading=\"lazy\" srcset=\"http:\/\/emafructidor.com\/ema\/wp-content\/uploads\/2021\/11\/IMG_4054-200x150.jpg 200w, http:\/\/emafructidor.com\/ema\/wp-content\/uploads\/2021\/11\/IMG_4054-300x225.jpg 300w, http:\/\/emafructidor.com\/ema\/wp-content\/uploads\/2021\/11\/IMG_4054-400x300.jpg 400w, http:\/\/emafructidor.com\/ema\/wp-content\/uploads\/2021\/11\/IMG_4054-600x450.jpg 600w, http:\/\/emafructidor.com\/ema\/wp-content\/uploads\/2021\/11\/IMG_4054-700x525.jpg 700w, http:\/\/emafructidor.com\/ema\/wp-content\/uploads\/2021\/11\/IMG_4054-768x576.jpg 768w, http:\/\/emafructidor.com\/ema\/wp-content\/uploads\/2021\/11\/IMG_4054-800x600.jpg 800w, http:\/\/emafructidor.com\/ema\/wp-content\/uploads\/2021\/11\/IMG_4054-1200x900.jpg 1200w\" sizes=\"(max-width: 300px) 100vw, 300px\" \/><\/a>\n\t\t\t<\/dt><\/dl><br style=\"clear: both\" \/><dl class='gallery-item'>\n\t\t\t<dt class='gallery-icon landscape'>\n\t\t\t\t<a data-rel=\"iLightbox[postimages]\" data-title=\"Guillaume Martial\" data-caption=\"\" href='http:\/\/emafructidor.com\/ema\/guillaume-martial\/img_4055\/'><img width=\"300\" height=\"225\" src=\"http:\/\/emafructidor.com\/ema\/wp-content\/uploads\/2021\/11\/IMG_4055-300x225.jpg\" class=\"attachment-medium size-medium\" alt=\"\" loading=\"lazy\" srcset=\"http:\/\/emafructidor.com\/ema\/wp-content\/uploads\/2021\/11\/IMG_4055-200x150.jpg 200w, http:\/\/emafructidor.com\/ema\/wp-content\/uploads\/2021\/11\/IMG_4055-300x225.jpg 300w, http:\/\/emafructidor.com\/ema\/wp-content\/uploads\/2021\/11\/IMG_4055-400x300.jpg 400w, http:\/\/emafructidor.com\/ema\/wp-content\/uploads\/2021\/11\/IMG_4055-600x450.jpg 600w, http:\/\/emafructidor.com\/ema\/wp-content\/uploads\/2021\/11\/IMG_4055-700x525.jpg 700w, http:\/\/emafructidor.com\/ema\/wp-content\/uploads\/2021\/11\/IMG_4055-768x576.jpg 768w, http:\/\/emafructidor.com\/ema\/wp-content\/uploads\/2021\/11\/IMG_4055-800x600.jpg 800w, http:\/\/emafructidor.com\/ema\/wp-content\/uploads\/2021\/11\/IMG_4055-1200x900.jpg 1200w\" sizes=\"(max-width: 300px) 100vw, 300px\" \/><\/a>\n\t\t\t<\/dt><\/dl><dl class='gallery-item'>\n\t\t\t<dt class='gallery-icon landscape'>\n\t\t\t\t<a data-rel=\"iLightbox[postimages]\" data-title=\"Guillaume Martial\" data-caption=\"\" href='http:\/\/emafructidor.com\/ema\/guillaume-martial\/img_4056\/'><img width=\"300\" height=\"225\" src=\"http:\/\/emafructidor.com\/ema\/wp-content\/uploads\/2021\/11\/IMG_4056-300x225.jpg\" class=\"attachment-medium size-medium\" alt=\"\" loading=\"lazy\" srcset=\"http:\/\/emafructidor.com\/ema\/wp-content\/uploads\/2021\/11\/IMG_4056-200x150.jpg 200w, http:\/\/emafructidor.com\/ema\/wp-content\/uploads\/2021\/11\/IMG_4056-300x225.jpg 300w, http:\/\/emafructidor.com\/ema\/wp-content\/uploads\/2021\/11\/IMG_4056-400x300.jpg 400w, http:\/\/emafructidor.com\/ema\/wp-content\/uploads\/2021\/11\/IMG_4056-600x450.jpg 600w, http:\/\/emafructidor.com\/ema\/wp-content\/uploads\/2021\/11\/IMG_4056-700x525.jpg 700w, http:\/\/emafructidor.com\/ema\/wp-content\/uploads\/2021\/11\/IMG_4056-768x576.jpg 768w, http:\/\/emafructidor.com\/ema\/wp-content\/uploads\/2021\/11\/IMG_4056-800x600.jpg 800w, http:\/\/emafructidor.com\/ema\/wp-content\/uploads\/2021\/11\/IMG_4056-1200x900.jpg 1200w\" sizes=\"(max-width: 300px) 100vw, 300px\" \/><\/a>\n\t\t\t<\/dt><\/dl>\n\t\t\t<br style='clear: both' \/>\n\t\t<\/div>\n\n<\/div><div class=\"fusion-clearfix\"><\/div>\n\n\t\t\t\t\t<\/div>\n\t\t\t\t<\/div><\/div><\/div>\n","protected":false},"excerpt":{"rendered":"","protected":false},"author":9,"featured_media":0,"parent":0,"menu_order":0,"comment_status":"closed","ping_status":"closed","template":"","meta":{"ngg_post_thumbnail":0},"_links":{"self":[{"href":"http:\/\/emafructidor.com\/ema\/wp-json\/wp\/v2\/pages\/7772"}],"collection":[{"href":"http:\/\/emafructidor.com\/ema\/wp-json\/wp\/v2\/pages"}],"about":[{"href":"http:\/\/emafructidor.com\/ema\/wp-json\/wp\/v2\/types\/page"}],"author":[{"embeddable":true,"href":"http:\/\/emafructidor.com\/ema\/wp-json\/wp\/v2\/users\/9"}],"replies":[{"embeddable":true,"href":"http:\/\/emafructidor.com\/ema\/wp-json\/wp\/v2\/comments?post=7772"}],"version-history":[{"count":6,"href":"http:\/\/emafructidor.com\/ema\/wp-json\/wp\/v2\/pages\/7772\/revisions"}],"predecessor-version":[{"id":7796,"href":"http:\/\/emafructidor.com\/ema\/wp-json\/wp\/v2\/pages\/7772\/revisions\/7796"}],"wp:attachment":[{"href":"http:\/\/emafructidor.com\/ema\/wp-json\/wp\/v2\/media?parent=7772"}],"curies":[{"name":"wp","href":"https:\/\/api.w.org\/{rel}","templated":true}]}}